- 5*g**2 + 3. Let p be (-5)/(135/(-144)) + 2/(-6). Determine m(p).
3
Let h = 20 - 18. Let l(v) = 8 + h*v + 3 + 0*v. Calculate l(-8).
-5
Let o be -5 - 2*(-6)/4 - -5. Suppose -2*m + 4 = 0, 0 = 5*q - o*m + 5*m + 16. Let d(n) = -n**2 - n + 3. What is d(q)?
-9
Suppose 3*u + 57 = -18. Let z = 21 + u. Let y(h) = h**3 + 4*h**2 + 3*h - 1. Calculate y(z).
-13
Let x(w) be the third derivative of w**6/120 + w**5/10 + w**4/12 + 11*w**3/6 + 480*w**2. Determine x(-6).
-1
Suppose 0 = -5*q + 32 - 2. Suppose 0 = 5*k + i - 17, -2*i - q = -5*i. Let l(f) = f**3 - 4*f**2 + 2*f + 4. Give l(k).
1
Let n(i) = i**2 + 1. Let f(g) = g**2 - 43*g + 160. Let l be f(39). Give n(l).
17
Let f(g) be the first derivative of 3*g**2 + 94*g - 49*g - 47*g + 12. Give f(-2).
-14
Let y be (0 + 6)*(-4)/(-12). Let s(r) = -5*r + r**y + 8 + 7*r + 6*r. Suppose 18*c + 26 + 82 = 0. Determine s(c).
-4
Let o(y) = y**3 - 188 + 5*y**2 - 288 + 487 + 8*y. What is o(-4)?
-5
Suppose -f - 3 = -8. Suppose 5*y = 5*v - 40, y = -f*v + 3*y + 40. Let n(u) = -u**2 + 8*u + 7. Determine n(v).
7
Let h(c) = c**3 + c**2 - c + 2. Suppose -4*m - 3*x - 18 = 0, 7*x = 5*m + 3*x + 7. Determine h(m).
-13
Let f(w) = 10 + 151*w - 90*w - 57*w. Calculate f(-10).
-30
Let l(v) = v**2 + 2*v + 1. Suppose -17*d + 5 + 12 = 0. Let b be d - 8 - (-12 + 9). Give l(b).
9
Let n(g) = 5*g - 3. Let v(l) = -l. Let k(q) = -n(q) - 2*v(q). Let d be 3 + -2 + (-1 - -2). What is k(d)?
-3
Let x(w) = -2*w - 4. Let t = 328 + -336. Determine x(t).
12
Let f(z) = z. Suppose 8*i = 6*i - 20. Let u = 22 + i. Let k be (u/36)/((-1)/(-15)). What is f(k)?
5
Let b(f) be the first derivative of f**2/2 - f - 11. Let g(h) = 11*h - 9. Let t(c) = 36*b(c) - 4*g(c). Determine t(-1).
8
Let b(u) = 2*u - 6. Suppose 0 = -91*x + 87*x - 20. Give b(x).
-16
Suppose 3*q - 13 = -2*k, -3*q - 3 + 19 = -k. Let r(x) = -3*x**2 - 1. Calculate r(k).
-4
Let p = -65 + 70. Let z(d) = p*d**2 + 6*d + 6*d**2 - 3 - 15*d**2 + 3*d**2. Give z(5).
2
Let w(d) = 0*d + 1 - 6*d + 1 + 4*d. Let p(k) = -k**3 + 3*k**2 + 3. Let c = 7 - 4. Let j be p(c). Give w(j).
-4
Let n(a) be the third derivative of a**5/40 + a**4/24 + a**3/2 - 5*a**2. Let h(f) be the first derivative of n(f). What is h(2)?
7
Suppose s - 25 = -5*f, -7 = 2*f + 5*s - 40. Let g(x) be the second derivative of 1/12*x**f + 0 + 2*x**2 + 3*x + 1/2*x**3. What is g(-4)?
8
Let v(f) = -7*f - f**3 - 3*f**2 + 4*f**2 + 5 - 6*f**2 + 3*f. Suppose -3*t = -2*t. Suppose -3*x + 4*p = -t*x, -x + 5*p + 11 = 0. What is v(x)?
5
Let n = -14 + 18. Let h(b) = 5*b**2 + 13*b + 20. Let z(t) = -2*t**2 - 6*t - 9. Let w(d) = -3*h(d) - 7*z(d). Calculate w(n).
-1
Let a(s) = s**3 + 4*s**2 - 5*s + 4. Suppose 4*z + 56 = 20. Let k = -7 - z. Let t = -3 - k. Calculate a(t).
4
Suppose 0 = -245*a + 244*a + 2. Let p(u) = 6*u - 4. Give p(a).
8
Let n(y) = -12*y - 9. Let c(x) = x + 1. Let u(i) = 18*c(i) + 2*n(i). Suppose 7 = -3*f + 4*j, 4*f + 4*j - 16 = 3*j. Calculate u(f).
-18
Let z(k) = 14*k**2 - 4*k**2 - k**2 + 7 + 2*k**2 - 3*k - k**3 - 22*k. What is z(8)?
-1
Let a(j) = j**3 - 6*j**2 - 6*j - 3. Let p be a(7). Let d(i) be the first derivative of -i**2 + 2*i - 3. Give d(p).
-6
Let t(y) = 11*y + 2. Let p(j) = 20*j + 3. Let n(g) = -6*p(g) + 11*t(g). Give n(-2).
2
Let p(v) = -3*v - 6. Let q(m) = -2*m**2 + 40*m - 4. Suppose a - 29 = 3*s, -9*a + 6*a + 75 = -5*s. Let o be q(a). Determine p(o).
6
Suppose 0 = -a + 1 - 3. Let k(v) be the first derivative of 2*v**3/3 - 2*v + 6. Calculate k(a).
6
Let y = 5 + -1. Let u(b) be the first derivative of b**3/3 - 7*b**2/2 - 2*b - 3. Let z(h) = -h. Let r(n) = -u(n) + 4*z(n). Determine r(y).
-2
Let z(x) = -x**2 + 9*x - 9. Let c be z(7). Let l be (1 + (-4 - -2))*-3. Let y(k) = 3*k - l*k + 0*k + 2*k. What is y(c)?
10
Suppose -3*l + 2*i = -2*i - 16, -3*i - 12 = 0. Let v(c) = -4 + l + c + c. Give v(5).
6
Let n(i) = -11*i + 274. Let c be n(23). Let q(l) = l**2 - 19*l - 44. Calculate q(c).
-2
Let b(w) = -w + 14. Let h be b(14). Suppose h*i - i + 5*k - 19 = 0, 0 = -4*i + 4*k - 12. Let z = i - 2. Let s(v) = -6*v. What is s(z)?
6
Suppose 44 = 4*l + 5*g, 0*g + 5*g - 20 = 0. Let p(b) be the first derivative of -b**3/3 + 3*b**2 + 8*b + 19. Give p(l).
8
Let o(k) = 23*k - 6*k - 1 - 7*k + 7. Calculate o(-3).
-24
Let x(k) = k**3 - 12*k**2 + 11*k + 7. Let u be 14 + 18/(-1 + -5). Let b be x(u). Let g(m) = m**2 - 10*m + 10. Calculate g(b).
-11
Let g(i) = -5*i**2 + 19*i - 7. Let a(v) = 4*v**2 - 14*v + 6. Let f(h) = 3*a(h) + 2*g(h). Let b = 0 - -3. Calculate f(b).
10
Let l(s) = -3*s. Let d be (-7 + -8)*(-3)/(-9). What is l(d)?
15
Let w(a) be the third derivative of -a**4/24 + a**3/6 + 4*a**2. Suppose 44*s - 35 = 39*s. Give w(s).
-6
Let y(c) = c**3 + c**2 - 4*c - 1. Suppose -15 + 42 = 9*v. Determine y(v).
23
Let h(q) = -q**2 + q - 19. Let r be 3 + (-2 - (-2 + -2)). Suppose -r*v = -v, -v = -d. What is h(d)?
-19
Let j(r) = 2*r - 3. Let d(a) = -9*a + 19. Let s(i) = d(i) + 6*j(i). Let u = 2 - 1. Give s(u).
4
Let l be 8/(-20) + (-2)/(-5). Suppose l = 2*z - 0*z + 10. Let h(g) = 4*g**3 - 6*g**2 - 5*g**3 - 5*g + 1 + 0. Give h(z).
1
Let v(f) = 5*f - 3 + f**2 - 17*f + 0 - 4. Let a be v(13). Let n(r) = -r**3 + 6*r**2 + r + 3. Determine n(a).
9
Let x(m) = -m**2 - 7*m - 8. Let i be (-2 - (-27)/(-6)) + (-4)/(-8). Determine x(i).
-2
Let p be 24/(-3) + -12 + 18. Let q(i) = -2*i + 4*i - 2*i + 1 + 2*i. Calculate q(p).
-3
Let n(p) be the second derivative of -p**4/8 + p**3/2 - 11*p**2/2 + 4*p. Let c(a) be the first derivative of n(a). Determine c(3).
-6
Let o(s) be the third derivative of -3*s**5/20 + 5*s**4/24 + 5*s**2. Let k(x) = -18*x**2 + 11*x. Let p(y) = -6*k(y) + 13*o(y). Calculate p(1).
-10
Let c(z) = z + 7. Suppose 3*w + 59 - 30 = -u, -5*w - 63 = -2*u. What is c(w)?
-4
Suppose -2*s + 3*s = -22. Let n = s + 28. Suppose -x = -4*u - 9, 3*u - 2*x = -x - n. Let h(i) = -i**2 - 2*i - 4. Determine h(u).
-7
Let q(f) = 2*f + 2063 - 1032 - 1028. Suppose 0 = 4*t + 4*u - 16, -u = 3*t - 6*t + 12. Calculate q(t).
11
Let a(r) = -r - 1 - 3 + 1 + 0*r. Let w(u) = -4*u - 2. Let k be w(-1). Suppose -4*f + y = -3*f - 5, -3 = -f + k*y. Calculate a(f).
-10
Let t(l) be the second derivative of -l**3/2 + 21*l**2 + 339*l. What is t(13)?
3
Let r(l) be the third derivative of l**6/120 + l**4/24 + l**3/2 - 161*l**2 - 2*l. Calculate r(-3).
-27
Let q(g) = -g**3 + g - 1. Let c = -4 + 6. Let r be (c + 0)*2/(-2). What is q(r)?
5
Let m(w) = w**3 - w + 16. Let v be (1 - 4) + (179 - 176). Calculate m(v).
16
Let u(v) be the second derivative of v**3/3 + 5*v**2 + 24*v - 1. Determine u(-10).
-10
Let w(c) = -1 + c - 44*c + 0. Give w(1).
-44
Let r be (-16)/3*(-1)/(24/18). Let n(s) = 2*s**2 - s + 2. What is n(r)?
30
Let a(y) = 19*y**3 + 1 + 0*y**2 - 5*y**2 + 2*y**2 - 22*y**3. Let j be a(1). Let z(l) = l**2 + 3*l - 7. Determine z(j).
3
Suppose 70 = -2*k + 4*z + 38, -k - 3*z = -9. Let u(i) be the third derivative of i**4/24 + 7*i**3/6 - i**2. Determine u(k).
1
Let o(i) = i**2 + 4*i + 3. Let u(l) = -2*l - 23. Let f be u(-13). Suppose f*h - 6*h = 9. What is o(h)?
0
Suppose 66*d - 62*d + f = 33, d + 5*f = -6. Let v(m) = -m + 3. Determine v(d).
-6
Let g(s) = 7*s + 69. Let n(r) = 21*r + 216. Let o(f) = 10*g(f) - 3*n(f). Give o(-6).
0
Let n(j) = 11*j - 18. Let b(t) = 4*t - 5. Let w(x) = 8*b(x) - 3*n(x). Determine w(9).
5
Let z(q) = q**2 + 13*q - 14. Suppose 4*w - 350 - 478 = 0. Let v be w/(-15) + 4/(-20). Determine z(v).
0
Let f be 11*1 + 23 + -27. Let c(z) = f*z + 2 - 8 + 7. What is c(1)?
8
Let m(s) = s**2 - 11*s + 1. Suppose 79 = 5*n + 5*g - 6, -g = -5*n + 61. Calculate m(n).
27
Suppose 31*z - 27 = 128. Let a = -2 + 4. Let i(q) = 3*q**2 + 4*q + 4 - 4*q**2 + 0*q**a. Determine i(z).
-1
Let u(t) be the first derivative of -t**4/4 - 5*t**3/3 - 2*t**2 - 7*t + 129. Give u(-4).
-7
Let x(d) = 2*d + 12. Suppose 4*l - 18 - 6 = v, 0 = -v - 5*l + 12. Give x(v).
-4
Suppose 0 = -5*w - 20, 15 = -3*i - 3*w + 6*w. Let c(z) = -14*z**2 + 33*z + 36. Let g(q) = -5*q**2 + 11*q + 12. Let r(a) = -6*c(a) + 17*g(a). What is r(i)?
6
Let g(r) = 7*r + 3. Let x be g(0). Let v(h) = -7*h**3 - 7*h**3 - 2*h**2 + 2*h**3 + x*h**3 + 1. Calculate v(-1).
8
Suppose 7*v - 2 = 5*v. Let p(f) = -f - 1. Let g(x) = -4*x - 4. Let n(t) = -g(t) + 3*p(t). Give n(v).
2
Let f(u) = u**3 + 6*u**2 + 3*u - 7. Let t be f(-5). Let x(g) = -110 + 108 - g**2 + 5*g + 0*g. Give x(t).
4
L